{"id":79,"date":"2015-07-17T22:50:09","date_gmt":"2015-07-17T21:50:09","guid":{"rendered":"http:\/\/www.fluxnumerique.fr\/?page_id=79"},"modified":"2022-08-17T09:48:13","modified_gmt":"2022-08-17T08:48:13","slug":"pour-vous","status":"publish","type":"page","link":"http:\/\/www.fluxnumerique.fr\/?page_id=79","title":{"rendered":"Offre"},"content":{"rendered":"<h2>Consulting<\/h2>\n<p>Je suis depuis 2016 directeur technique d&rsquo;EDRLab \u00e0 plein temps, et donc actuellement trop pris pour mener d&rsquo;autres missions, sauf limit\u00e9es \u00e0 quelques jours dans l&rsquo;ann\u00e9e.<\/p>\n<h2>Agr\u00e9ment CII<\/h2>\n<p>La soci\u00e9t\u00e9 Flux Num\u00e9rique est \u00e0 nouveau agr\u00e9\u00e9e CII (Cr\u00e9dit Imp\u00f4t Innovation) pour les ann\u00e9es 2020 \u00e0 2023.<\/p>\n","protected":false},"excerpt":{"rendered":"<p>Consulting Je suis depuis 2016 directeur technique d&rsquo;EDRLab \u00e0 plein temps, et donc actuellement trop pris pour mener d&rsquo;autres missions, sauf limit\u00e9es \u00e0 quelques jours dans l&rsquo;ann\u00e9e. Agr\u00e9ment CII La soci\u00e9t\u00e9 Flux Num\u00e9rique est \u00e0 nouveau agr\u00e9\u00e9e CII (Cr\u00e9dit Imp\u00f4t Innovation) pour les ann\u00e9es 2020 \u00e0 2023.<\/p>\n","protected":false},"author":1,"featured_media":0,"parent":0,"menu_order":0,"comment_status":"closed","ping_status":"closed","template":"","meta":{"footnotes":""},"class_list":["post-79","page","type-page","status-publish","hentry"],"_links":{"self":[{"href":"http:\/\/www.fluxnumerique.fr\/index.php?rest_route=\/wp\/v2\/pages\/79","targetHints":{"allow":["GET"]}}],"collection":[{"href":"http:\/\/www.fluxnumerique.fr\/index.php?rest_route=\/wp\/v2\/pages"}],"about":[{"href":"http:\/\/www.fluxnumerique.fr\/index.php?rest_route=\/wp\/v2\/types\/page"}],"author":[{"embeddable":true,"href":"http:\/\/www.fluxnumerique.fr\/index.php?rest_route=\/wp\/v2\/users\/1"}],"replies":[{"embeddable":true,"href":"http:\/\/www.fluxnumerique.fr\/index.php?rest_route=%2Fwp%2Fv2%2Fcomments&post=79"}],"version-history":[{"count":9,"href":"http:\/\/www.fluxnumerique.fr\/index.php?rest_route=\/wp\/v2\/pages\/79\/revisions"}],"predecessor-version":[{"id":255,"href":"http:\/\/www.fluxnumerique.fr\/index.php?rest_route=\/wp\/v2\/pages\/79\/revisions\/255"}],"wp:attachment":[{"href":"http:\/\/www.fluxnumerique.fr\/index.php?rest_route=%2Fwp%2Fv2%2Fmedia&parent=79"}],"curies":[{"name":"wp","href":"https:\/\/api.w.org\/{rel}","templated":true}]}}